{"id":206,"date":"2026-04-17T10:09:19","date_gmt":"2026-04-17T10:09:19","guid":{"rendered":"https:\/\/bianco.rs\/?page_id=206"},"modified":"2026-05-04T12:12:57","modified_gmt":"2026-05-04T12:12:57","slug":"kontakt","status":"publish","type":"page","link":"https:\/\/bianco.rs\/index.php\/kontakt\/","title":{"rendered":"Kontakt"},"content":{"rendered":"<p>[et_pb_section fb_built=&#8221;1&#8243; _builder_version=&#8221;4.27.4&#8243; _module_preset=&#8221;default&#8221; background_color=&#8221;#f3eee7&#8243; global_colors_info=&#8221;{}&#8221;][et_pb_row _builder_version=&#8221;4.27.4&#8243; _module_preset=&#8221;default&#8221; global_colors_info=&#8221;{}&#8221;][et_pb_column type=&#8221;4_4&#8243; _builder_version=&#8221;4.27.4&#8243; _module_preset=&#8221;default&#8221; global_colors_info=&#8221;{}&#8221;][et_pb_code _builder_version=&#8221;4.27.4&#8243; _module_preset=&#8221;default&#8221; global_colors_info=&#8221;{}&#8221;]<\/p>\n<section class=\"bianco-contact-section\"><!-- [et_pb_line_break_holder] -->  <\/p>\n<div class=\"bianco-contact-wrap\"><!-- [et_pb_line_break_holder] --><!-- [et_pb_line_break_holder] -->    <!-- LEVA STRANA --><!-- [et_pb_line_break_holder] -->    <\/p>\n<div class=\"bianco-contact-left\"><!-- [et_pb_line_break_holder] -->      <span class=\"eyebrow\">UTISCI &#038; SARADNJA<\/span><!-- [et_pb_line_break_holder] --><!-- [et_pb_line_break_holder] -->      <\/p>\n<h2><!-- [et_pb_line_break_holder] -->        Tu smo zbog vas \u2013<!\u2013- [et_pb_br_holder] -\u2013><!-- [et_pb_line_break_holder] -->        va\u0161ih utisaka i novih pri\u010da.<!-- [et_pb_line_break_holder] -->      <\/h2>\n<p><!-- [et_pb_line_break_holder] --><!-- [et_pb_line_break_holder] -->      <\/p>\n<div class=\"divider\"><\/div>\n<p><!-- [et_pb_line_break_holder] --><!-- [et_pb_line_break_holder] -->      <pee><!-- [et_pb_line_break_holder] -->        Bilo da \u017eelite da podelite svoje utiske, pohvalite omiljeni napitak ili predlo\u017eite saradnju, drago nam je \u0161to nas kontaktirate.<!-- [et_pb_line_break_holder] -->        Va\u0161a mi\u0161ljenja nam zna\u010de i poma\u017eu nam da budemo jo\u0161 bolji, a otvoreni smo i za nove ideje, partnerstva i zajedni\u010dke projekte.<!-- [et_pb_line_break_holder] -->      <\/pee><!-- [et_pb_line_break_holder] -->    <\/div>\n<p><!-- [et_pb_line_break_holder] --><!-- [et_pb_line_break_holder] -->    <!-- DESNA STRANA (FORMA) --><!-- [et_pb_line_break_holder] -->    <\/p>\n<div class=\"bianco-contact-right\"><!-- [et_pb_line_break_holder] --><!-- [et_pb_line_break_holder] -->      <!-- KONTAKT FORMA --><!-- [et_pb_line_break_holder] -->      \n<div class=\"wpcf7 no-js\" id=\"wpcf7-f260-o1\" lang=\"en-US\" dir=\"ltr\" data-wpcf7-id=\"260\">\n<div class=\"screen-reader-response\"><p role=\"status\" aria-live=\"polite\" aria-atomic=\"true\"><\/p> <ul><\/ul><\/div>\n<form action=\"\/index.php\/wp-json\/wp\/v2\/pages\/206#wpcf7-f260-o1\" method=\"post\" class=\"wpcf7-form init\" aria-label=\"Contact form\" novalidate=\"novalidate\" data-status=\"init\">\n<fieldset class=\"hidden-fields-container\"><input type=\"hidden\" name=\"_wpcf7\" value=\"260\" \/><input type=\"hidden\" name=\"_wpcf7_version\" value=\"6.1.5\" \/><input type=\"hidden\" name=\"_wpcf7_locale\" value=\"en_US\" \/><input type=\"hidden\" name=\"_wpcf7_unit_tag\" value=\"wpcf7-f260-o1\" \/><input type=\"hidden\" name=\"_wpcf7_container_post\" value=\"0\" \/><input type=\"hidden\" name=\"_wpcf7_posted_data_hash\" value=\"\" \/>\n<\/fieldset>\n<div class=\"bianco-form\">\n\t<div class=\"row\">\n\t\t<div class=\"field\">\n\t\t\t<p><span class=\"wpcf7-form-control-wrap\" data-name=\"ime\"><input size=\"40\" maxlength=\"400\" class=\"wpcf7-form-control wpcf7-text wpcf7-validates-as-required\" aria-required=\"true\" aria-invalid=\"false\" value=\"Ime\" type=\"text\" name=\"ime\" \/><\/span>\n\t\t\t<\/p>\n\t\t<\/div>\n\t\t<div class=\"field\">\n\t\t\t<p><span class=\"wpcf7-form-control-wrap\" data-name=\"prezime\"><input size=\"40\" maxlength=\"400\" class=\"wpcf7-form-control wpcf7-text wpcf7-validates-as-required\" aria-required=\"true\" aria-invalid=\"false\" value=\"Prezime\" type=\"text\" name=\"prezime\" \/><\/span>\n\t\t\t<\/p>\n\t\t<\/div>\n\t<\/div>\n\t<div class=\"row\">\n\t\t<div class=\"field\">\n\t\t\t<p><span class=\"wpcf7-form-control-wrap\" data-name=\"telefon\"><input size=\"40\" maxlength=\"400\" class=\"wpcf7-form-control wpcf7-tel wpcf7-text wpcf7-validates-as-tel\" aria-invalid=\"false\" value=\"Telefon\" type=\"tel\" name=\"telefon\" \/><\/span>\n\t\t\t<\/p>\n\t\t<\/div>\n\t\t<div class=\"field\">\n\t\t\t<p><span class=\"wpcf7-form-control-wrap\" data-name=\"email\"><input size=\"40\" maxlength=\"400\" class=\"wpcf7-form-control wpcf7-email wpcf7-validates-as-required wpcf7-text wpcf7-validates-as-email\" aria-required=\"true\" aria-invalid=\"false\" value=\"Email\" type=\"email\" name=\"email\" \/><\/span>\n\t\t\t<\/p>\n\t\t<\/div>\n\t<\/div>\n\t<div class=\"field full\">\n\t\t<p><span class=\"wpcf7-form-control-wrap\" data-name=\"poruka\"><textarea cols=\"40\" rows=\"10\" maxlength=\"2000\" class=\"wpcf7-form-control wpcf7-textarea wpcf7-validates-as-required\" aria-required=\"true\" aria-invalid=\"false\" name=\"poruka\">Va\u0161a poruka...<\/textarea><\/span>\n\t\t<\/p>\n\t<\/div>\n\t<div class=\"field full\">\n\t\t<p><input class=\"wpcf7-form-control wpcf7-submit has-spinner\" type=\"submit\" value=\"PO\u0160ALJI PORUKU\" \/>\n\t\t<\/p>\n\t<\/div>\n<\/div><div class=\"wpcf7-response-output\" aria-hidden=\"true\"><\/div>\n<\/form>\n<\/div>\n<!-- [et_pb_line_break_holder] --><!-- [et_pb_line_break_holder] -->      <!-- ZA KARIJERU zameni gornji shortcode sa: --><!-- [et_pb_line_break_holder] -->      <!-- [contact-form-7 id=\"456\" title=\"Karijera\"] --><!-- [et_pb_line_break_holder] --><!-- [et_pb_line_break_holder] --><!-- [et_pb_line_break_holder] --><!-- [et_pb_line_break_holder] -->    <\/div>\n<p><!-- [et_pb_line_break_holder] --><!-- [et_pb_line_break_holder] -->  <\/div>\n<p><!-- [et_pb_line_break_holder] --><\/section>\n<p><!-- [et_pb_line_break_holder] -->[\/et_pb_code][et_pb_code _builder_version=&#8221;4.27.4&#8243; _module_preset=&#8221;default&#8221; hover_enabled=&#8221;0&#8243; global_colors_info=&#8221;{}&#8221; sticky_enabled=&#8221;0&#8243;]<\/p>\n<section class=\"bianco-contact-section\"><!-- [et_pb_line_break_holder] -->  <\/p>\n<div class=\"bianco-contact-wrap\"><!-- [et_pb_line_break_holder] --> <\/p>\n<div class=\"bianco-contact-right\"><!-- [et_pb_line_break_holder] --><!-- [et_pb_line_break_holder] -->      <!-- KONTAKT FORMA --><!-- [et_pb_line_break_holder] -->      \n<div class=\"wpcf7 no-js\" id=\"wpcf7-f211-o2\" lang=\"en-US\" dir=\"ltr\" data-wpcf7-id=\"211\">\n<div class=\"screen-reader-response\"><p role=\"status\" aria-live=\"polite\" aria-atomic=\"true\"><\/p> <ul><\/ul><\/div>\n<form action=\"\/index.php\/wp-json\/wp\/v2\/pages\/206#wpcf7-f211-o2\" method=\"post\" class=\"wpcf7-form init\" aria-label=\"Contact form\" enctype=\"multipart\/form-data\" novalidate=\"novalidate\" data-status=\"init\">\n<fieldset class=\"hidden-fields-container\"><input type=\"hidden\" name=\"_wpcf7\" value=\"211\" \/><input type=\"hidden\" name=\"_wpcf7_version\" value=\"6.1.5\" \/><input type=\"hidden\" name=\"_wpcf7_locale\" value=\"en_US\" \/><input type=\"hidden\" name=\"_wpcf7_unit_tag\" value=\"wpcf7-f211-o2\" \/><input type=\"hidden\" name=\"_wpcf7_container_post\" value=\"0\" \/><input type=\"hidden\" name=\"_wpcf7_posted_data_hash\" value=\"\" \/>\n<\/fieldset>\n<div class=\"bianco-form\">\n\t<div class=\"row\">\n\t\t<div class=\"field\">\n\t\t\t<p><span class=\"wpcf7-form-control-wrap\" data-name=\"ime\"><input size=\"40\" maxlength=\"400\" class=\"wpcf7-form-control wpcf7-text wpcf7-validates-as-required\" aria-required=\"true\" aria-invalid=\"false\" value=\"Ime\" type=\"text\" name=\"ime\" \/><\/span>\n\t\t\t<\/p>\n\t\t<\/div>\n\t\t<div class=\"field\">\n\t\t\t<p><span class=\"wpcf7-form-control-wrap\" data-name=\"prezime\"><input size=\"40\" maxlength=\"400\" class=\"wpcf7-form-control wpcf7-text wpcf7-validates-as-required\" aria-required=\"true\" aria-invalid=\"false\" value=\"Prezime\" type=\"text\" name=\"prezime\" \/><\/span>\n\t\t\t<\/p>\n\t\t<\/div>\n\t<\/div>\n\t<div class=\"field full\">\n\t\t<p><span class=\"wpcf7-form-control-wrap\" data-name=\"pozicija\"><select class=\"wpcf7-form-control wpcf7-select wpcf7-validates-as-required\" aria-required=\"true\" aria-invalid=\"false\" name=\"pozicija\"><option value=\"Pozicija\">Pozicija<\/option><option value=\"Konobar\">Konobar<\/option><option value=\"\u0160anker\">\u0160anker<\/option><\/select><\/span>\n\t\t<\/p>\n\t<\/div>\n\t<div class=\"row\">\n\t\t<div class=\"field\">\n\t\t\t<p><span class=\"wpcf7-form-control-wrap\" data-name=\"telefon\"><input size=\"40\" maxlength=\"400\" class=\"wpcf7-form-control wpcf7-tel wpcf7-validates-as-required wpcf7-text wpcf7-validates-as-tel\" aria-required=\"true\" aria-invalid=\"false\" value=\"Telefon\" type=\"tel\" name=\"telefon\" \/><\/span>\n\t\t\t<\/p>\n\t\t<\/div>\n\t\t<div class=\"field\">\n\t\t\t<p><span class=\"wpcf7-form-control-wrap\" data-name=\"email\"><input size=\"40\" maxlength=\"400\" class=\"wpcf7-form-control wpcf7-email wpcf7-validates-as-required wpcf7-text wpcf7-validates-as-email\" aria-required=\"true\" aria-invalid=\"false\" value=\"Email\" type=\"email\" name=\"email\" \/><\/span>\n\t\t\t<\/p>\n\t\t<\/div>\n\t<\/div>\n\t<div class=\"field full\">\n\t\t<p><span class=\"wpcf7-form-control-wrap\" data-name=\"poruka\"><textarea cols=\"40\" rows=\"10\" maxlength=\"2000\" class=\"wpcf7-form-control wpcf7-textarea wpcf7-validates-as-required\" aria-required=\"true\" aria-invalid=\"false\" name=\"poruka\">Napomena...<\/textarea><\/span>\n\t\t<\/p>\n\t<\/div>\n\t<div class=\"field file\">\n\t\t<p><span class=\"wpcf7-form-control-wrap\" data-name=\"cv\"><input size=\"40\" class=\"wpcf7-form-control wpcf7-file wpcf7-validates-as-required\" accept=\".pdf,.doc,.docx\" aria-required=\"true\" aria-invalid=\"false\" type=\"file\" name=\"cv\" \/><\/span>\n\t\t<\/p>\n\t<\/div>\n\t<div class=\"field full\">\n\t\t<p><input class=\"wpcf7-form-control wpcf7-submit has-spinner\" type=\"submit\" value=\"PO\u0160ALJI PRIJAVU\" \/>\n\t\t<\/p>\n\t<\/div>\n<\/div><div class=\"wpcf7-response-output\" aria-hidden=\"true\"><\/div>\n<\/form>\n<\/div>\n<!-- [et_pb_line_break_holder] --><!-- [et_pb_line_break_holder] --><!-- [et_pb_line_break_holder] --><!-- [et_pb_line_break_holder] --><!-- [et_pb_line_break_holder] -->    <\/div>\n<p><!-- [et_pb_line_break_holder] -->    <!-- LEVA STRANA --><!-- [et_pb_line_break_holder] -->    <\/p>\n<div class=\"bianco-contact-left\"><!-- [et_pb_line_break_holder] -->      <span class=\"eyebrow\">kARIjera<\/span><!-- [et_pb_line_break_holder] --><!-- [et_pb_line_break_holder] -->      <\/p>\n<h2><!-- [et_pb_line_break_holder] -->        \u017delite da se pridru\u017eite Bianco timu?<!-- [et_pb_line_break_holder] --><!-- [et_pb_line_break_holder] --><!-- [et_pb_line_break_holder] -->      <\/h2>\n<p><!-- [et_pb_line_break_holder] --><!-- [et_pb_line_break_holder] -->      <\/p>\n<div class=\"divider\"><\/div>\n<p><!-- [et_pb_line_break_holder] --><!-- [et_pb_line_break_holder] -->      <pee><!-- [et_pb_line_break_holder] -->        Ako \u017eelite da postanete deo na\u0161eg tima i mislite da svojim radom mo\u017eete doprineti kvalitetu na\u0161eg kafi\u0107a, pogledajte otvorene pozicije i po\u0161aljite prijavu popunjavanjem formulara sa leve strane.<!-- [et_pb_line_break_holder] --><!-- [et_pb_line_break_holder] -->Pridru\u017eite se timu Bianco i zajedno sa nama gradite svoju karijeru u prijatnom okru\u017eenju.<!-- [et_pb_line_break_holder] --><!-- [et_pb_line_break_holder] -->Popunite upitnik i kontaktira\u0107emo vas \u010dim pre.<!-- [et_pb_line_break_holder] -->      <\/pee><!-- [et_pb_line_break_holder] -->    <\/div>\n<p><!-- [et_pb_line_break_holder] --><!-- [et_pb_line_break_holder] -->    <!-- DESNA STRANA (FORMA) --><!-- [et_pb_line_break_holder] -->   <!-- [et_pb_line_break_holder] --><!-- [et_pb_line_break_holder] -->  <\/div>\n<p><!-- [et_pb_line_break_holder] --><\/section>\n<p><!-- [et_pb_line_break_holder] --><!-- [et_pb_line_break_holder] -->[\/et_pb_code][\/et_pb_column][\/et_pb_row][\/et_pb_section][et_pb_section fb_built=&#8221;1&#8243; fullwidth=&#8221;on&#8221; _builder_version=&#8221;4.27.4&#8243; _module_preset=&#8221;default&#8221; global_colors_info=&#8221;{}&#8221;][et_pb_fullwidth_code _builder_version=&#8221;4.27.4&#8243; _module_preset=&#8221;default&#8221; global_colors_info=&#8221;{}&#8221;]<\/p>\n<div class=\"bianco-footer\"><!-- [et_pb_line_break_holder] -->  <\/p>\n<div class=\"bianco-footer-inner\"><!-- [et_pb_line_break_holder] --><!-- [et_pb_line_break_holder] -->    <\/p>\n<div class=\"bianco-footer-top\"><!-- [et_pb_line_break_holder] -->      <\/p>\n<div class=\"bianco-footer-logo\"><!-- [et_pb_line_break_holder] -->        <img decoding=\"async\" src=\"https:\/\/bianco.rs\/wp-content\/uploads\/2026\/04\/biancoLogo-removebg-preview-1.png\" alt=\"Bianco logo\"><!-- [et_pb_line_break_holder] -->      <\/div>\n<p><!-- [et_pb_line_break_holder] --><!-- [et_pb_line_break_holder] -->      <\/p>\n<div class=\"footer-info-item\"><!-- [et_pb_line_break_holder] -->        <i class=\"fas fa-map-marker-alt\"><\/i><!-- [et_pb_line_break_holder] -->        <span>Njego\u0161eva 1a, Pan\u010devo<\/span><!-- [et_pb_line_break_holder] -->      <\/div>\n<p><!-- [et_pb_line_break_holder] --><!-- [et_pb_line_break_holder] -->      <\/p>\n<div class=\"footer-info-item\"><!-- [et_pb_line_break_holder] -->        <i class=\"fas fa-map-marker-alt\"><\/i><!-- [et_pb_line_break_holder] -->        <span>Milo\u0161a Obrenovi\u0107a 12, Pan\u010devo<\/span><!-- [et_pb_line_break_holder] -->      <\/div>\n<p><!-- [et_pb_line_break_holder] --><!-- [et_pb_line_break_holder] -->      <\/p>\n<div class=\"footer-info-item\"><!-- [et_pb_line_break_holder] -->        <i class=\"fas fa-phone-alt\"><\/i><!-- [et_pb_line_break_holder] -->        <span>+381 60 10 800 80<\/span><!-- [et_pb_line_break_holder] -->      <\/div>\n<p><!-- [et_pb_line_break_holder] --><!-- [et_pb_line_break_holder] -->      <\/p>\n<div class=\"footer-info-item\"><!-- [et_pb_line_break_holder] -->        <i class=\"fas fa-envelope\"><\/i><!-- [et_pb_line_break_holder] -->        <span>info@bianco.rs<\/span><!-- [et_pb_line_break_holder] -->      <\/div>\n<p><!-- [et_pb_line_break_holder] --><!-- [et_pb_line_break_holder] -->      <\/p>\n<div class=\"bianco-footer-socials\"><!-- [et_pb_line_break_holder] -->        <a href=\"https:\/\/www.instagram.com\/_bianco_02\/\" aria-label=\"Instagram\"><i class=\"fab fa-instagram\"><\/i><\/a><!-- [et_pb_line_break_holder] -->        <a href=\"#\" aria-label=\"Facebook\"><i class=\"fab fa-facebook-f\"><\/i><\/a><!-- [et_pb_line_break_holder] -->      <\/div>\n<p><!-- [et_pb_line_break_holder] -->    <\/div>\n<p><!-- [et_pb_line_break_holder] --><!-- [et_pb_line_break_holder] -->    <\/p>\n<div class=\"bianco-footer-bottom\"><!-- [et_pb_line_break_holder] -->      <span class=\"footer-hours-label\">Sva prava zadr\u017eava kafi\u0107<\/span><!-- [et_pb_line_break_holder] -->      <span class=\"footer-hours-text\">Bianco Pan\u010devo<\/span><!-- [et_pb_line_break_holder] -->    <\/div>\n<p><!-- [et_pb_line_break_holder] --><!-- [et_pb_line_break_holder] -->  <\/div>\n<p><!-- [et_pb_line_break_holder] --><\/div>\n<p>[\/et_pb_fullwidth_code][\/et_pb_section]<\/p>\n","protected":false},"excerpt":{"rendered":"<p>UTISCI &#038; SARADNJA Tu smo zbog vas \u2013 va\u0161ih utisaka i novih pri\u010da. Bilo da \u017eelite da podelite svoje utiske, pohvalite omiljeni napitak ili predlo\u017eite saradnju, drago nam je \u0161to nas kontaktirate. Va\u0161a mi\u0161ljenja nam zna\u010de i poma\u017eu nam da budemo jo\u0161 bolji, a otvoreni smo i za nove ideje, partnerstva i zajedni\u010dke projekte. <p class=\"wpcf7-contact-form-not-found\"><strong>Error:<\/strong> Contact form not found.<\/p><\/p>\n","protected":false},"author":1,"featured_media":0,"parent":0,"menu_order":0,"comment_status":"closed","ping_status":"closed","template":"","meta":{"_et_pb_use_builder":"on","_et_pb_old_content":"<!-- wp:divi\/placeholder \/-->","_et_gb_content_width":"","footnotes":""},"class_list":["post-206","page","type-page","status-publish","hentry"],"_links":{"self":[{"href":"https:\/\/bianco.rs\/index.php\/wp-json\/wp\/v2\/pages\/206","targetHints":{"allow":["GET"]}}],"collection":[{"href":"https:\/\/bianco.rs\/index.php\/wp-json\/wp\/v2\/pages"}],"about":[{"href":"https:\/\/bianco.rs\/index.php\/wp-json\/wp\/v2\/types\/page"}],"author":[{"embeddable":true,"href":"https:\/\/bianco.rs\/index.php\/wp-json\/wp\/v2\/users\/1"}],"replies":[{"embeddable":true,"href":"https:\/\/bianco.rs\/index.php\/wp-json\/wp\/v2\/comments?post=206"}],"version-history":[{"count":9,"href":"https:\/\/bianco.rs\/index.php\/wp-json\/wp\/v2\/pages\/206\/revisions"}],"predecessor-version":[{"id":344,"href":"https:\/\/bianco.rs\/index.php\/wp-json\/wp\/v2\/pages\/206\/revisions\/344"}],"wp:attachment":[{"href":"https:\/\/bianco.rs\/index.php\/wp-json\/wp\/v2\/media?parent=206"}],"curies":[{"name":"wp","href":"https:\/\/api.w.org\/{rel}","templated":true}]}}